e highest common divisor of n and t?
3
Let m = -275 + 275. Suppose 5*o - 10*o + 5*j + 45 = m, o = 5*j + 25. Calculate the greatest common divisor of 430 and o.
5
Let k = 89 - 77. Let z = 102 - k. Suppose -3*o = -o - 72. Calculate the greatest common divisor of z and o.
18
Let p(j) = j**3 + 4*j**2 - 4*j + 3. Let n be p(-5). Let w be (0 - 1)/(n/158). Suppose -31 = 4*h - w. What is the highest common divisor of 6 and h?
6
Suppose 38 = 2*j + 4*f, j + 12 = 4*j - 3*f. Suppose -3*t - j = -21. Suppose 0 = -13*u - 2707 + 2967. Calculate the highest common divisor of u and t.
4
Suppose 3*b + 3364 - 10569 = 2*g, 2*b + 3*g = 4825. Suppose -f + 2*d = -599, 9*f + b = 13*f - 5*d. What is the greatest common factor of f and 55?
55
Let u be -20*((-27)/(-2))/(-9). Let f = 155 - 143. What is the greatest common divisor of u and f?
6
Let f(v) = -12*v - 2. Suppose 2*c - 3*c + 3*k - 10 = 0, 14 = -5*c + 3*k. Let y be f(c). Calculate the highest common factor of 75 and y.
5
Let h = -445 + 657. Suppose 2*f - 82 = -n - 2*f, -5*f - h = -3*n. Let i = 101 - n. Calculate the highest common divisor of i and 81.
27
Suppose 3749 + 1320 = 2*k - f, -f = -k + 2536. Calculate the greatest common factor of 34 and k.
17
Let w(j) = 3*j**2 - 62*j + 688. Let l be w(14). What is the greatest common divisor of l and 1173?
51
Suppose 82*h + 203*h - 30*h = 13005. What is the highest common divisor of h and 183?
3
Let o be 236*(3 - (-10 + -6 + 14)). What is the highest common divisor of 100 and o?
20
Suppose 514*a = 5*s + 510*a - 207, 2*a + 121 = 3*s. What is the highest common factor of s and 42245?
35
Let o be ((0 + -86)*(-3)/(-12))/(1911/(-447174)). Calculate the greatest common factor of o and 45.
9
Let u be (2/4)/((-6)/(-108)). Suppose 5*n = 2*n - u. Let t(r) = 3*r + 12. Let b be t(n). Calculate the greatest common factor of b and 15.
3
Let y(h) = -17*h + 375. Let o be y(21). What is the highest common factor of o and 1002?
6
Let c(s) = -34*s + 162. Suppose 0 = 8*w - 8*w + 18*w. Let n be c(w). Calculate the greatest common factor of n and 108.
54
Suppose 10 = -2*r - 2*x, -r - 4*x + 10 - 30 = 0. Let c = -1489 + 1535. Suppose r = 5*s - 14 - c. What is the greatest common divisor of 96 and s?
12
Let a(f) = -223*f - 1920. Let z be a(-10). What is the highest common divisor of z and 527?
31
Suppose 30*b - 23647 - 14616 + 2263 = 0. Calculate the highest common factor of b and 192.
48
Let l(z) = -24*z + 2699. Let y be l(39). What is the highest common factor of 86 and y?
43
Let l = -1043 + 1050. Suppose -2*y + 56 = -y. Calculate the greatest common factor of y and l.
7
Let a be (268/12 + -3)/((-6)/99). Let f = a + 320. What is the greatest common factor of 37 and f?
1
Let g = -935 - -941. Let p(i) = i**2 - 1. Let r be p(2). Suppose -202 = y - r*y - 2*d, 0 = 4*y + 5*d - 403. Calculate the highest common factor of g and y.
6
Suppose -r = 5*y - 8, -4*y + 11 + 8 = 5*r. Suppose -r*j - 33 = -a, 3*a - j = -0*j + 59. What is the highest common divisor of 24 and a?
6
Let b(p) = -179*p + 519. Let d be b(0). What is the highest common divisor of d and 2941?
173
Suppose 0*r + 60 = 2*r. Suppose 0 = -5*l + 3*o - r, -l - 3*o = -6*o + 6. Let k = 28 + l. Calculate the highest common factor of k and 11.
11
Let c(a) = a**2 + 2*a - 191. Let g be c(-31). Let r = g - 432. Calculate the greatest common factor of 60 and r.
12
Suppose -3*d - 317 = -4*o, -5*o + 5*d + 286 = -109. What is the highest common divisor of o and 25?
5
Suppose -12*v + 9*v - 2937 = -3*u, -5*u = 3*v - 4839. What is the highest common factor of 132 and u?
12
Let g(f) = -f**3 - 11*f**2 - 45*f - 54. Let h be g(-5). What is the highest common divisor of 4116 and h?
21
Suppose -40 = 2*y - 14. Let w be 37912/364 - (-1 - 15/y). What is the highest common divisor of 286 and w?
26
Let f = -2898 + 3250. Calculate the greatest common factor of f and 572.
44
Let w(n) = n**3 - 24*n**2 + 20*n - 31. Let x be w(23). Let d = x + 119. Calculate the highest common divisor of d and 1.
1
Let j be 232764/340 + (-2)/(-5). Let k = j + -373. Calculate the greatest common divisor of 24 and k.
24
Let a(g) = 399*g**2 - 3*g - 4. Let p be a(-1). Let t = p - 177. What is the highest common divisor of 13 and t?
13
Suppose -5*l - 5*n = -80, -5*l - 4*n + 29 = -48. Let p(x) = -x**3 + 13*x**2 + 18*x. Let i be p(l). Calculate the highest common factor of 26 and i.
26
Let t(f) = f**3 - f + 6. Let h be t(0). Let d = 18 - h. Let i = -22126 + 22156. Calculate the highest common factor of i and d.
6
Let d(f) be the third derivative of -3*f**6/20 + f**5/30 - f**4/24 + 36*f**2 - f. Let n be d(-1). Calculate the highest common divisor of n and 49.
7
Suppose 8*v - 981 = 171. Let i(n) = -n**3 + 23*n**2 + 5*n - 99. Let z be i(23). Calculate the greatest common factor of z and v.
16
Let b(y) = 5*y**2 - 49*y - 8. Let t be b(10). Suppose 655 = 5*m - 4*d, 0 = 2*m - 6*m + t*d + 530. Calculate the greatest common factor of m and 81.
27
Suppose 0 = 5*z + 15, -5*z + 72 - 1 = d. Let n = d - 75. Calculate the greatest common divisor of 33 and n.
11
Let o be (-1)/(31/16 + -6 + 4). Suppose 2207 = o*p + 447. What is the greatest common divisor of 176 and p?
22
Let x(j) = -j - 7. Let u be x(-15). Suppose 0 = -2*n - n + 9. Suppose 15 = n*l - 9. What is the greatest common divisor of l and u?
8
Let n be (-3 - -2)/((-1)/4). Let f = -69 + 72. Suppose 67 - 91 = -f*a. What is the highest common divisor of a and n?
4
Let k be (0 + 5)*(-12)/15*8. Let c be 23/(-7) + (k/28)/(-4). Let n be (-147)/(-6) + c/2. Calculate the highest common factor of n and 23.
23
Let b be ((-35)/(-14) - 2)/(1/4). Let d be 6/(b*(6 - 2)/4). What is the highest common factor of 3 and d?
3
Let o = -220 + 609. Suppose -q - o = -3*r + 3*q, -3*q - 393 = -3*r. Suppose -4*w + 47 + 61 = 0. What is the greatest common factor of r and w?
27
Suppose -4*c + 181*a - 176*a - 21 = 0, -5*c + 10 = a. Calculate the highest common factor of 529 and c.
1
Suppose 922 = 5*m + 2*h, 3*m + h - 531 = 22. Suppose -10*q - m = -12*q. What is the greatest common factor of 46 and q?
46
Let f be 0 - (-7)/((-63)/(-117)). Calculate the highest common divisor of 39 and f.
13
Let h be ((-16)/(-24))/(1/180). Suppose -h = -7*v + 5*v. Calculate the highest common divisor of 36 and v.
12
Let b be (-22 + 7)*3/(-5)*(-19 + 22). Let k = -14 + 35. What is the highest common factor of k and b?
3
Suppose -8 = 5*t - 3, -s + 4*t + 56 = 0. Let y(u) = u**2 - 237*u + 13972. Let m be y(110). Calculate the highest common factor of m and s.
2
Suppose 344 - 80 = 24*f. Suppose b + 4*x = 3*b - 56, 5*b - 4*x = 122. Calculate the highest common factor of f and b.
11
Let v(q) = 811*q - 65809. Let x be v(82). Let s = -12 + 21. What is the highest common divisor of s and x?
9
Let f = 73 - 68. Let m(s) = -s + s**2 - 9 + 6*s - 7*s. Let n be m(f). Calculate the highest common factor of n and 18.
6
Suppose 2*n + 2*u - 1454 = 0, -296*n = -300*n - 3*u + 2913. Calculate the highest common divisor of 96 and n.
12
Suppose -3*n = -p - 34, -5*n + 1416*p = 1411*p - 60. Let a = -4 - -6. Suppose a*f = -f + 231. Calculate the greatest common divisor of f and n.
11
Let m be (-8)/(-6)*-3 - -11 - (-78 + -1). What is the highest common factor of 7697 and m?
43
Suppose -5*f = -13*f + 72. Suppose -6*s + 63 = -f. Let b(g) = 11*g**2 + g + 2. Let u be b(2). Calculate the highest common divisor of s and u.
12
Suppose 18140 = 21*a - 11*a. Let d be (-4)/16 + a/(-8) - 1. Let c be (d + 6 + -3)*2/(-3). What is the greatest common factor of 25 and c?
25
Let f(n) = n**2 - n - 62. Let k be f(12). What is the highest common divisor of k and 504?
14
Let z be (4 - 2) + -4 + (-8)/(-1). Let f be (0 + 3)/(z/42). Calculate the greatest common factor of f and 28.
7
Let o(x) = 5*x - 12. Let j be o(-15). Let d = j + 96. Let u(n) = 6*n - 14. Let h be u(d). What is the greatest common factor of h and 10?
10
Suppose 3*b = 9, 6*o = 12*o - 3*b - 1785. Calculate the highest common factor of 9867 and o.
299
Let x be (-16 + -11 - -1)*(4/2 - 5). Let f be ((-195)/(-9))/((-2)/(-6)). Calculate the greatest common divisor of x and f.
13
Let d be 96/(-7)*(4/(-14) - 2850/315). What is the highest common divisor of 184 and d?
8
Let q(d) = 20*d + 12. Let n be q(4). Let l be n + (0*(-2)/(-10))/(-2). What is the greatest common divisor of l and 23?
23
Sup